{"id":198,"date":"2021-11-04T21:53:28","date_gmt":"2021-11-04T21:53:28","guid":{"rendered":"https:\/\/informaticasisahsv.ro\/?page_id=198"},"modified":"2024-10-26T16:51:22","modified_gmt":"2024-10-26T14:51:22","slug":"algoritmul","status":"publish","type":"page","link":"https:\/\/informaticasisahsv.ro\/index.php\/tutorial-programare-c-c\/algoritmul\/","title":{"rendered":"ALGORITMUL"},"content":{"rendered":"\t\t<div data-elementor-type=\"wp-page\" data-elementor-id=\"198\" class=\"elementor elementor-198\" data-elementor-settings=\"{&quot;ha_cmc_init_switcher&quot;:&quot;no&quot;}\">\n\t\t\t\t\t\t<section class=\"elementor-section elementor-top-section elementor-element elementor-element-78b3b6b4 elementor-section-boxed elementor-section-height-default elementor-section-height-default\" data-id=\"78b3b6b4\" data-element_type=\"section\" data-e-type=\"section\" data-settings=\"{&quot;_ha_eqh_enable&quot;:false}\">\n\t\t\t\t\t\t<div class=\"elementor-container elementor-column-gap-default\">\n\t\t\t\t\t<div class=\"elementor-column elementor-col-100 elementor-top-column elementor-element elementor-element-15238670\" data-id=\"15238670\" data-element_type=\"column\" data-e-type=\"column\">\n\t\t\t<div class=\"elementor-widget-wrap elementor-element-populated\">\n\t\t\t\t\t\t<div class=\"elementor-element elementor-element-eafe315 elementor-widget elementor-widget-text-editor\" data-id=\"eafe315\" data-element_type=\"widget\" data-e-type=\"widget\" data-widget_type=\"text-editor.default\">\n\t\t\t\t<div class=\"elementor-widget-container\">\n\t\t\t\t\t\t\t\t\t\n<p class=\"has-text-color has-background has-medium-font-size\" style=\"background-color:#abddf3;color:#0000a1\"><strong>Algoritmul<\/strong> este o mul\u021bime finit\u0103 \u0219i ordonat\u0103 de opera\u021bii ce se aplic\u0103 asupra unor date de intrare pentru a ob\u021bine date de ie\u0219ire.<\/p>\n\n\n\n<p class=\"has-background has-medium-font-size\" style=\"background-color:#ede559\"><em>\u2022Opera\u021biile pot fi:  *citirea datelor de intrare,   *scrierea datelor de ie\u0219ire,    *opera\u021bia de calcul,    *opera\u021bia de decizie .<\/em><\/p>\n\n\n\n<p class=\"has-large-font-size\"><strong>Reprezentarea algoritmilor<\/strong><\/p>\n\n\n\n<p class=\"has-ast-global-color-2-color has-ast-global-color-6-background-color has-text-color has-background has-medium-font-size\"><strong>A. \u00een limbaj pseudocod<\/strong><\/p>\n\n\n\n<ul class=\"has-ast-global-color-5-background-color has-background wp-block-list\"><li>Limbajul pseudocod este asem\u0103n\u0103tor limbajului oamenilor.<\/li><li> Pentru fiecare opera\u021bie din algoritm avem cuvinte cheie: <ul><li>Citirea datelor de intrare \u2013 <strong>cite\u0219te<\/strong> date;<\/li><li>Scrierea datelor de ie\u0219ire \u2013 <strong>scrie<\/strong> date; <\/li><li>Opera\u021bia de calcul \u2013 data<strong>&lt;-\u00a0<\/strong>expresie<\/li><li>Opera\u021bia de decizie \u2013 <ul><li><strong>dac\u0103<\/strong> condi\u021bie <strong>atunci<\/strong> opera\u021bia1 <strong>\u00a0<\/strong><\/li><li><strong>altfel<\/strong> opera\u021bia2;<\/li><\/ul><\/li><\/ul><\/li><\/ul>\n\n\n\n<p class=\"has-ast-global-color-6-background-color has-background\" style=\"font-size:19px\"><strong><em><span class=\"has-inline-color has-ast-global-color-0-color\">Exemplu de algoritm<\/span><\/em><\/strong><\/p>\n\n\n\n<p><\/p>\n\n\n\n<div class=\"wp-block-group is-layout-flow wp-block-group-is-layout-flow\">\n<div class=\"wp-block-columns is-layout-flex wp-container-core-columns-is-layout-28f84493 wp-block-columns-is-layout-flex\"><\/div>\n<\/div>\n\n\n\n<p><\/p>\n\t\t\t\t\t\t\t\t<\/div>\n\t\t\t\t<\/div>\n\t\t\t\t\t<\/div>\n\t\t<\/div>\n\t\t\t\t\t<\/div>\n\t\t<\/section>\n\t\t\t\t<section class=\"elementor-section elementor-top-section elementor-element elementor-element-cb5e9cd elementor-section-boxed elementor-section-height-default elementor-section-height-default\" data-id=\"cb5e9cd\" data-element_type=\"section\" data-e-type=\"section\" data-settings=\"{&quot;_ha_eqh_enable&quot;:false}\">\n\t\t\t\t\t\t<div class=\"elementor-container elementor-column-gap-default\">\n\t\t\t\t\t<div class=\"elementor-column elementor-col-100 elementor-top-column elementor-element elementor-element-7fb2866\" data-id=\"7fb2866\" data-element_type=\"column\" data-e-type=\"column\">\n\t\t\t<div class=\"elementor-widget-wrap elementor-element-populated\">\n\t\t\t\t\t\t<div class=\"elementor-element elementor-element-31af264 ha-has-bg-overlay elementor-widget elementor-widget-text-editor\" data-id=\"31af264\" data-element_type=\"widget\" data-e-type=\"widget\" data-widget_type=\"text-editor.default\">\n\t\t\t\t<div class=\"elementor-widget-container\">\n\t\t\t\t\t\t\t\t\t<p><strong>Algoritmul<\/strong>\u00a0este o mul\u021bime finit\u0103 \u0219i ordonat\u0103 de opera\u021bii ce se aplic\u0103 asupra unor date de intrare pentru a ob\u021bine date de ie\u0219ire.<\/p>\t\t\t\t\t\t\t\t<\/div>\n\t\t\t\t<\/div>\n\t\t\t\t\t<\/div>\n\t\t<\/div>\n\t\t\t\t\t<\/div>\n\t\t<\/section>\n\t\t\t\t<\/div>\n\t\t","protected":false},"excerpt":{"rendered":"<p>Algoritmul este o mul\u021bime finit\u0103 \u0219i ordonat\u0103 de opera\u021bii ce se aplic\u0103 asupra unor date de intrare pentru a ob\u021bine date de ie\u0219ire. \u2022Opera\u021biile pot fi: *citirea datelor de intrare, *scrierea datelor de ie\u0219ire, *opera\u021bia de calcul, *opera\u021bia de decizie . Reprezentarea algoritmilor A. \u00een limbaj pseudocod Limbajul pseudocod este asem\u0103n\u0103tor limbajului oamenilor. Pentru fiecare [&hellip;]<\/p>\n","protected":false},"author":1,"featured_media":0,"parent":172,"menu_order":0,"comment_status":"closed","ping_status":"closed","template":"elementor_header_footer","meta":{"_eb_attr":"","footnotes":""},"class_list":["post-198","page","type-page","status-publish","hentry"],"yoast_head":"<!-- This site is optimized with the Yoast SEO plugin v27.4 - https:\/\/yoast.com\/product\/yoast-seo-wordpress\/ -->\n<title>ALGORITMUL - Informatica &amp; Sah<\/title>\n<meta name=\"robots\" content=\"index, follow, max-snippet:-1, max-image-preview:large, max-video-preview:-1\" \/>\n<link rel=\"canonical\" href=\"https:\/\/informaticasisahsv.ro\/index.php\/tutorial-programare-c-c\/algoritmul\/\" \/>\n<meta property=\"og:locale\" content=\"ro_RO\" \/>\n<meta property=\"og:type\" content=\"article\" \/>\n<meta property=\"og:title\" content=\"ALGORITMUL - Informatica &amp; Sah\" \/>\n<meta property=\"og:description\" content=\"Algoritmul este o mul\u021bime finit\u0103 \u0219i ordonat\u0103 de opera\u021bii ce se aplic\u0103 asupra unor date de intrare pentru a ob\u021bine date de ie\u0219ire. \u2022Opera\u021biile pot fi: *citirea datelor de intrare, *scrierea datelor de ie\u0219ire, *opera\u021bia de calcul, *opera\u021bia de decizie . Reprezentarea algoritmilor A. \u00een limbaj pseudocod Limbajul pseudocod este asem\u0103n\u0103tor limbajului oamenilor. Pentru fiecare [&hellip;]\" \/>\n<meta property=\"og:url\" content=\"https:\/\/informaticasisahsv.ro\/index.php\/tutorial-programare-c-c\/algoritmul\/\" \/>\n<meta property=\"og:site_name\" content=\"Informatica &amp; Sah\" \/>\n<meta property=\"article:modified_time\" content=\"2024-10-26T14:51:22+00:00\" \/>\n<meta name=\"twitter:card\" content=\"summary_large_image\" \/>\n<meta name=\"twitter:label1\" content=\"Timp estimat pentru citire\" \/>\n\t<meta name=\"twitter:data1\" content=\"1 minut\" \/>\n<script type=\"application\/ld+json\" class=\"yoast-schema-graph\">{\"@context\":\"https:\\\/\\\/schema.org\",\"@graph\":[{\"@type\":\"WebPage\",\"@id\":\"https:\\\/\\\/informaticasisahsv.ro\\\/index.php\\\/tutorial-programare-c-c\\\/algoritmul\\\/\",\"url\":\"https:\\\/\\\/informaticasisahsv.ro\\\/index.php\\\/tutorial-programare-c-c\\\/algoritmul\\\/\",\"name\":\"ALGORITMUL - Informatica &amp; Sah\",\"isPartOf\":{\"@id\":\"https:\\\/\\\/informaticasisahsv.ro\\\/#website\"},\"datePublished\":\"2021-11-04T21:53:28+00:00\",\"dateModified\":\"2024-10-26T14:51:22+00:00\",\"breadcrumb\":{\"@id\":\"https:\\\/\\\/informaticasisahsv.ro\\\/index.php\\\/tutorial-programare-c-c\\\/algoritmul\\\/#breadcrumb\"},\"inLanguage\":\"ro-RO\",\"potentialAction\":[{\"@type\":\"ReadAction\",\"target\":[\"https:\\\/\\\/informaticasisahsv.ro\\\/index.php\\\/tutorial-programare-c-c\\\/algoritmul\\\/\"]}]},{\"@type\":\"BreadcrumbList\",\"@id\":\"https:\\\/\\\/informaticasisahsv.ro\\\/index.php\\\/tutorial-programare-c-c\\\/algoritmul\\\/#breadcrumb\",\"itemListElement\":[{\"@type\":\"ListItem\",\"position\":1,\"name\":\"Prima pagin\u0103\",\"item\":\"https:\\\/\\\/informaticasisahsv.ro\\\/\"},{\"@type\":\"ListItem\",\"position\":2,\"name\":\"Tutorial programare\",\"item\":\"https:\\\/\\\/informaticasisahsv.ro\\\/index.php\\\/tutorial-programare-c-c\\\/\"},{\"@type\":\"ListItem\",\"position\":3,\"name\":\"ALGORITMUL\"}]},{\"@type\":\"WebSite\",\"@id\":\"https:\\\/\\\/informaticasisahsv.ro\\\/#website\",\"url\":\"https:\\\/\\\/informaticasisahsv.ro\\\/\",\"name\":\"Informatica &amp; Sah\",\"description\":\"\",\"potentialAction\":[{\"@type\":\"SearchAction\",\"target\":{\"@type\":\"EntryPoint\",\"urlTemplate\":\"https:\\\/\\\/informaticasisahsv.ro\\\/?s={search_term_string}\"},\"query-input\":{\"@type\":\"PropertyValueSpecification\",\"valueRequired\":true,\"valueName\":\"search_term_string\"}}],\"inLanguage\":\"ro-RO\"}]}<\/script>\n<!-- \/ Yoast SEO plugin. -->","yoast_head_json":{"title":"ALGORITMUL - Informatica &amp; Sah","robots":{"index":"index","follow":"follow","max-snippet":"max-snippet:-1","max-image-preview":"max-image-preview:large","max-video-preview":"max-video-preview:-1"},"canonical":"https:\/\/informaticasisahsv.ro\/index.php\/tutorial-programare-c-c\/algoritmul\/","og_locale":"ro_RO","og_type":"article","og_title":"ALGORITMUL - Informatica &amp; Sah","og_description":"Algoritmul este o mul\u021bime finit\u0103 \u0219i ordonat\u0103 de opera\u021bii ce se aplic\u0103 asupra unor date de intrare pentru a ob\u021bine date de ie\u0219ire. \u2022Opera\u021biile pot fi: *citirea datelor de intrare, *scrierea datelor de ie\u0219ire, *opera\u021bia de calcul, *opera\u021bia de decizie . Reprezentarea algoritmilor A. \u00een limbaj pseudocod Limbajul pseudocod este asem\u0103n\u0103tor limbajului oamenilor. Pentru fiecare [&hellip;]","og_url":"https:\/\/informaticasisahsv.ro\/index.php\/tutorial-programare-c-c\/algoritmul\/","og_site_name":"Informatica &amp; Sah","article_modified_time":"2024-10-26T14:51:22+00:00","twitter_card":"summary_large_image","twitter_misc":{"Timp estimat pentru citire":"1 minut"},"schema":{"@context":"https:\/\/schema.org","@graph":[{"@type":"WebPage","@id":"https:\/\/informaticasisahsv.ro\/index.php\/tutorial-programare-c-c\/algoritmul\/","url":"https:\/\/informaticasisahsv.ro\/index.php\/tutorial-programare-c-c\/algoritmul\/","name":"ALGORITMUL - Informatica &amp; Sah","isPartOf":{"@id":"https:\/\/informaticasisahsv.ro\/#website"},"datePublished":"2021-11-04T21:53:28+00:00","dateModified":"2024-10-26T14:51:22+00:00","breadcrumb":{"@id":"https:\/\/informaticasisahsv.ro\/index.php\/tutorial-programare-c-c\/algoritmul\/#breadcrumb"},"inLanguage":"ro-RO","potentialAction":[{"@type":"ReadAction","target":["https:\/\/informaticasisahsv.ro\/index.php\/tutorial-programare-c-c\/algoritmul\/"]}]},{"@type":"BreadcrumbList","@id":"https:\/\/informaticasisahsv.ro\/index.php\/tutorial-programare-c-c\/algoritmul\/#breadcrumb","itemListElement":[{"@type":"ListItem","position":1,"name":"Prima pagin\u0103","item":"https:\/\/informaticasisahsv.ro\/"},{"@type":"ListItem","position":2,"name":"Tutorial programare","item":"https:\/\/informaticasisahsv.ro\/index.php\/tutorial-programare-c-c\/"},{"@type":"ListItem","position":3,"name":"ALGORITMUL"}]},{"@type":"WebSite","@id":"https:\/\/informaticasisahsv.ro\/#website","url":"https:\/\/informaticasisahsv.ro\/","name":"Informatica &amp; Sah","description":"","potentialAction":[{"@type":"SearchAction","target":{"@type":"EntryPoint","urlTemplate":"https:\/\/informaticasisahsv.ro\/?s={search_term_string}"},"query-input":{"@type":"PropertyValueSpecification","valueRequired":true,"valueName":"search_term_string"}}],"inLanguage":"ro-RO"}]}},"_links":{"self":[{"href":"https:\/\/informaticasisahsv.ro\/index.php\/wp-json\/wp\/v2\/pages\/198","targetHints":{"allow":["GET"]}}],"collection":[{"href":"https:\/\/informaticasisahsv.ro\/index.php\/wp-json\/wp\/v2\/pages"}],"about":[{"href":"https:\/\/informaticasisahsv.ro\/index.php\/wp-json\/wp\/v2\/types\/page"}],"author":[{"embeddable":true,"href":"https:\/\/informaticasisahsv.ro\/index.php\/wp-json\/wp\/v2\/users\/1"}],"replies":[{"embeddable":true,"href":"https:\/\/informaticasisahsv.ro\/index.php\/wp-json\/wp\/v2\/comments?post=198"}],"version-history":[{"count":35,"href":"https:\/\/informaticasisahsv.ro\/index.php\/wp-json\/wp\/v2\/pages\/198\/revisions"}],"predecessor-version":[{"id":300,"href":"https:\/\/informaticasisahsv.ro\/index.php\/wp-json\/wp\/v2\/pages\/198\/revisions\/300"}],"up":[{"embeddable":true,"href":"https:\/\/informaticasisahsv.ro\/index.php\/wp-json\/wp\/v2\/pages\/172"}],"wp:attachment":[{"href":"https:\/\/informaticasisahsv.ro\/index.php\/wp-json\/wp\/v2\/media?parent=198"}],"curies":[{"name":"wp","href":"https:\/\/api.w.org\/{rel}","templated":true}]}}